{"id":182,"date":"2016-06-20T01:29:15","date_gmt":"2016-06-19T23:29:15","guid":{"rendered":"http:\/\/serwer1571173.home.pl\/nowabud\/?page_id=182"},"modified":"2025-10-14T10:41:06","modified_gmt":"2025-10-14T08:41:06","slug":"informacje","status":"publish","type":"page","link":"https:\/\/nowabud.pl\/index.php\/informacje\/","title":{"rendered":"Informacje"},"content":{"rendered":"<div class=\"fusion-fullwidth fullwidth-box\" style=\"background-attachment:scroll;background-position:left top;background-repeat:no-repeat;-webkit-background-size:cover;-moz-background-size:cover;-o-background-size:cover;background-size:cover;border-color:#eae9e9;border-bottom-width: 0px;border-top-width: 0px;border-bottom-style: solid;border-top-style: solid;padding-bottom:20px;padding-left:0px;padding-right:0px;padding-top:0px;\"><div class=\"avada-row\"><style type=\"text\/css\">.imageframe-1 img{border:20px solid #dadadd;}<\/style><span class=\"fusion-imageframe imageframe imageframe-none imageframe-1 fusion-animated\" data-animationType=\"fadeInDown\" data-animationDuration=\"0.3\"> <img decoding=\"async\" src=\"http:\/\/serwer1571173.home.pl\/nowabud\/wp-content\/uploads\/2016\/06\/informacje_11.jpg\" alt=\"\" class=\"img-responsive\" \/><\/span><\/div><\/div><div class=\"fusion-fullwidth fullwidth-box\" style=\"background-attachment:scroll;background-position:left top;background-repeat:no-repeat;-webkit-background-size:cover;-moz-background-size:cover;-o-background-size:cover;background-size:cover;border-color:#eae9e9;border-bottom-width: 0px;border-top-width: 0px;border-bottom-style: solid;border-top-style: solid;padding-bottom:0px;padding-left:0px;padding-right:0px;padding-top:70px;\"><div class=\"avada-row\"><div class=\"fusion-two-third two_third fusion-layout-column fusion-column spacing-yes\"><div class=\"fusion-column-wrapper\"><style type='text\/css'>.reading-box-container-1 .element-bottomshadow:before,.reading-box-container-1 .element-bottomshadow:after{opacity:0.7;}<\/style><div class=\"fusion-reading-box-container reading-box-container-1\"><div class=\"reading-box reading-box-center\" style=\"background-color:#ffffff;border-width:1px;border-color:#1c37c1;border-style:solid;\">\n<p class=\"textboxmain\"><strong>Nasza hurtownia zdoby\u0142a 3 miejsce w plebiscycie Expressu Bydgoskiego w w kategorii sklepy i hurtownie z materia\u0142ami budowlanymi, wyko\u0144czeniowymi i wyposa\u017ceniem wn\u0119trz.<\/strong><\/p>\n<\/div><\/div><\/div><\/div><div class=\"fusion-one-third one_third fusion-layout-column fusion-column last spacing-yes\"><div class=\"fusion-column-wrapper\"><a id=\"\" class=\"\" title=\"\" href=\"http:\/\/nowabud.pl\/wp-content\/uploads\/2016\/06\/express-745x1024.jpg\" data-rel=\"prettyPhoto\"> <img decoding=\"async\" src=\"http:\/\/nowabud.pl\/wp-content\/uploads\/2016\/06\/express_mini-300x149.jpg\" alt=\"\" \/><\/a><\/div><\/div><div class=\"fusion-clearfix\"><\/div><\/div><\/div><div class=\"fusion-fullwidth fullwidth-box\" style=\"background-attachment:scroll;background-position:left top;background-repeat:no-repeat;-webkit-background-size:cover;-moz-background-size:cover;-o-background-size:cover;background-size:cover;border-color:#eae9e9;border-bottom-width: 0px;border-top-width: 0px;border-bottom-style: solid;border-top-style: solid;padding-bottom:20px;padding-left:0px;padding-right:0px;padding-top:20px;\"><div class=\"avada-row\"><style type='text\/css'>.reading-box-container-2 .element-bottomshadow:before,.reading-box-container-2 .element-bottomshadow:after{opacity:0.7;}<\/style><div class=\"fusion-reading-box-container reading-box-container-2\"><div class=\"reading-box reading-box-center\" style=\"background-color:#ffffff;border-width:1px;border-color:#dadadd;border-style:solid;\">\n<p class=\"textboxmain\">Pierwszy sk\u0142ad budowlany Nowabud powsta\u0142 w 2004 roku przy ul. Polnej w Nowej Wsi Wielkiej przy trasie Bydgoszcz-Inowroc\u0142aw. Sukcesywnie, w miar\u0119 potrzeb klient\u00f3w zwi\u0119kszali\u015bmy powierzchni\u0119 magazyn\u00f3w, sklepu oraz placu, poprawiali\u015bmy logistyk\u0119 oraz poszerzali\u015bmy asortyment o kolejne produkty (obecnie mamy 10000 pozycji asortymentowych). Nasze wysi\u0142ki zaowocowa\u0142y otwarciem w 2005 roku drugiego punktu sprzeda\u017cy przy ul. \u0141abiszy\u0144skiej w Olimpinie przy trasie Brzoza-Mogilno.<\/p>\n<p class=\"textboxmain\">W zwi\u0105zku z rozwojem firmy na bie\u017c\u0105co poszerzamy obszar dzia\u0142a\u0144 handlowych zar\u00f3wno w wojew\u00f3dztwie kujawsko-pomorskim, jak i poza jego granicami .<\/p>\n<p class=\"textboxmain\">Nasi odbiorcy to klienci indywidualni i firmy wykonawcze, kt\u00f3rym jeste\u015bmy w stanie pom\u00f3c w budowie i remoncie domu. Zapewniamy asortyment wysokiej jako\u015bci oraz profesjonalny poziom serwisu.<\/p>\n<p class=\"textboxmain\">Nie osi\u0105gn\u0119liby\u015bmy naszej dzisiejszej pozycji bez profesjonalnej kadry. Naszym pracownikom dajemy mo\u017cliwo\u015b\u0107 samorealizacji. Owocuje to dalszym wzrostem i stale powi\u0119kszaj\u0105cym si\u0119 gronem zadowolonych klient\u00f3w. Sprawna i fachowa obs\u0142uga pozwala osi\u0105gn\u0105\u0107 wysok\u0105 sprzeda\u017c materia\u0142\u00f3w budowlanych i instalacyjnych. W pe\u0142ni skomputeryzowany system obs\u0142ugi umo\u017cliwia szybki obieg informacji oraz natychmiastow\u0105 reakcj\u0119 na potrzeby rynku.<\/p>\n<p class=\"textboxmain\">Przez wszystkie lata dzia\u0142alno\u015bci nadrz\u0119dnym naszym celem by\u0142a profesjonalna, mi\u0142a, fachowa obs\u0142uga klienta oraz maksymalna oferta towarowa. Dzi\u0119ki wspania\u0142ym ludziom pracuj\u0105cym w naszej firmie osi\u0105gn\u0119li\u015bmy powy\u017csze cele.<br \/>\nDalszy rozw\u00f3j przedsi\u0119biorstwa planujemy realizowa\u0107 poprzez zwi\u0119kszanie oferty handlowej, profesjonalizmu obs\u0142ugi oraz sprawno\u015bci logistycznej &#8211; zam\u00f3wione towary musz\u0105 by\u0107 dostarczane do naszych Klient\u00f3w w jak najkr\u00f3tszym terminie.<\/p>\n<\/div><\/div><\/div><\/div><div class=\"fusion-fullwidth fullwidth-box\" style=\"background-attachment:scroll;background-position:left top;background-repeat:no-repeat;-webkit-background-size:cover;-moz-background-size:cover;-o-background-size:cover;background-size:cover;border-color:#eae9e9;border-bottom-width: 0px;border-top-width: 0px;border-bottom-style: solid;border-top-style: solid;padding-bottom:20px;padding-left:0px;padding-right:0px;padding-top:20px;\"><div class=\"avada-row\"><\/div><\/div><div class=\"fusion-fullwidth fullwidth-box\" style=\"background-color:#1c37c1;background-attachment:scroll;background-position:left top;background-repeat:no-repeat;-webkit-background-size:cover;-moz-background-size:cover;-o-background-size:cover;background-size:cover;border-color:#eae9e9;border-bottom-width: 0px;border-top-width: 0px;border-bottom-style: solid;border-top-style: solid;padding-bottom:0px;padding-left:0px;padding-right:0px;padding-top:0px;\"><div class=\"avada-row\"><div class=\"fusion-one-half one_half fusion-layout-column fusion-column spacing-yes\"><div class=\"fusion-column-wrapper\">\n<p id=\"footer_text_higher\" class=\"footer_big\">Nowabud Hurtownia materia\u0142\u00f3w budowlanych i instalacyjnych<\/p>\n<p class=\"footer_text\">Ul. Polna 2 86-060 Nowa Wie\u015b Wielka<br \/>\nTel: <a style=\"color: #fff;\" href=\"tel:523812037\">52-381-20-37<\/a> \/ Fax: <a style=\"color: #fff;\" href=\"tel:523206541\">52-320-65-41<\/a><br \/>\nTel kom: <a style=\"color: #fff;\" href=\"tel:508197100\">508-197-100<\/a> \/ <a style=\"color: #fff;\" href=\"tel:509573225\">509-573-225<\/a><br \/>\nMail: <a class=\"link_stopka\" href=\"mailto:nowabud@nowabud.pl\">nowabud@nowabud.pl<\/a><br \/>\nGodziny otwarcia: od 7.30-16.30<br \/>\n(w soboty od 8.00-14.00)<\/p>\n<\/div><\/div><div class=\"fusion-one-half one_half fusion-layout-column fusion-column last spacing-yes\"><div class=\"fusion-column-wrapper\">\n<p id=\"footer_text_higher2\" class=\"footer_big\">Sk\u0142ad Budowlany Olimpin Hurtownia Materia\u0142\u00f3w Budowlanych &#8211; ogr\u00f3d wystawowy kostki brukowej i ogrodze\u0144<\/p>\n<p class=\"footer_text\">Ul. \u0141abiszy\u0144ska 16 Olimpin 86-061 Brzoza<br \/>\nTel: <a style=\"color: #fff;\" href=\"tel:523641212\">52-364-12-12<\/a> \/ Fax: <a style=\"color: #fff;\" href=\"tel:523641213\">52-364-12-13<\/a><br \/>\nTel kom: <a style=\"color: #fff;\" href=\"tel:509353861\">509-353-861<\/a> \/ <a style=\"color: #fff;\" href=\"tel:515262933\">515-262-933<\/a><br \/>\nMail: <a class=\"link_stopka\" href=\"mailto:olimpin@nowabud.pl\">olimpin@nowabud.pl<\/a><br \/>\nGodziny otwarcia: od 7.30-16.30<br \/>\n(w soboty od 8.00-14.00)<\/p>\n<\/div><\/div><div class=\"fusion-clearfix\"><\/div><\/div><\/div><div class=\"fusion-fullwidth fullwidth-box footer_diag\" style=\"background-color:#1c37c1;background-attachment:scroll;background-image: url(http:\/\/serwer1571173.home.pl\/nowabud\/wp-content\/uploads\/2016\/02\/footer_bg.png);background-position:left top;background-repeat:repeat-x;border-color:#eae9e9;border-bottom-width: 0px;border-top-width: 0px;border-bottom-style: solid;border-top-style: solid;padding-bottom:0px;padding-left:0px;padding-right:0px;padding-top:0px;\"><div class=\"avada-row\"><\/div><\/div>\n","protected":false},"excerpt":{"rendered":"","protected":false},"author":3,"featured_media":0,"parent":0,"menu_order":0,"comment_status":"closed","ping_status":"closed","template":"100-width.php","meta":[],"_links":{"self":[{"href":"https:\/\/nowabud.pl\/index.php\/wp-json\/wp\/v2\/pages\/182"}],"collection":[{"href":"https:\/\/nowabud.pl\/index.php\/wp-json\/wp\/v2\/pages"}],"about":[{"href":"https:\/\/nowabud.pl\/index.php\/wp-json\/wp\/v2\/types\/page"}],"author":[{"embeddable":true,"href":"https:\/\/nowabud.pl\/index.php\/wp-json\/wp\/v2\/users\/3"}],"replies":[{"embeddable":true,"href":"https:\/\/nowabud.pl\/index.php\/wp-json\/wp\/v2\/comments?post=182"}],"version-history":[{"count":39,"href":"https:\/\/nowabud.pl\/index.php\/wp-json\/wp\/v2\/pages\/182\/revisions"}],"predecessor-version":[{"id":454,"href":"https:\/\/nowabud.pl\/index.php\/wp-json\/wp\/v2\/pages\/182\/revisions\/454"}],"wp:attachment":[{"href":"https:\/\/nowabud.pl\/index.php\/wp-json\/wp\/v2\/media?parent=182"}],"curies":[{"name":"wp","href":"https:\/\/api.w.org\/{rel}","templated":true}]}}